e factors of i*(-3)/((-6)/(-4))?
2, 3
Suppose -5*b - 79 = -4*v, 2*b = -2*v + 4*v - 38. Suppose 0 = -a + v + 1. What are the prime factors of a?
17
Let t be (-180)/(-2) - (-8)/4. Suppose -2*u = 5*z - 53, -3*u + t = 6*z - z. List the prime factors of u.
3, 13
Let i(q) = -q**2 + 13*q + 12. Let s be i(10). Suppose 0*h = -2*h - 2*n + s, -n + 37 = 2*h. What are the prime factors of h?
2
Let a(c) = -11*c - 26. What are the prime factors of a(-18)?
2, 43
Let p(z) = 7*z - 14. Let r(o) = 4*o - 7. Let y(f) = -3*p(f) + 5*r(f). Let b be y(5). Suppose b*l = l + 5. List the prime factors of l.
5
Suppose 4*f = 5*z + 28, 6*f - 14 = f + z. Let t be 4/1 + 0/f. Suppose t*h - 2*k = k + 8, 2*h - 2*k = 4. What are the prime factors of h?
2
Suppose -2*d + 3*n - n = -6, 2*d - 5*n = 0. Suppose -p = -d*c - 29, 0*c + 74 = 4*p + c. List the prime factors of p.
19
Suppose 0*u - 1650 = -6*u. What are the prime factors of u?
5, 11
Let b(k) = k + 2*k**2 - 2 - 2 + 3 + 0*k**2. What are the prime factors of b(2)?
3
Let i(m) = -3*m**2 - 4*m - 2. Let f be i(-3). Let d = f - -28. List the prime factors of d - (1 - 1)/(-2).
11
Suppose -3*h + 4 = -8. Suppose y = 4*m + h, -4*y + m = -2*m - 16. Suppose -4*w = 5*j - 60, -y*w + 3*w = 2*j - 27. List the prime factors of j.
2
Suppose -o + 2 + 3 = 0. Let x = -4 + o. What are the prime factors of x - -3 - (-4)/2?
2, 3
Let z(a) = a**2 + a - 5. Let h be z(0). Let w(b) = -2*b + 5. List the prime factors of w(h).
3, 5
Suppose -4*b = 3*h - 197, -2*h = -b - 4*h + 53. List the prime factors of b.
47
Suppose 0 = -2*r + 2*d - 10 + 4, 4*d = 20. Suppose 17 = 2*u - 5*l - 2, -4*u + r*l + 14 = 0. What are the prime factors of u?
2
Suppose -3*y = -y - 6. Suppose -y*k = -2*k - 4*f - 58, 5*f + 107 = 2*k. Let m = k - 25. List the prime factors of m.
3, 7
Suppose -3*j = -24 - 0. Let s = -3 + j. Suppose -s*u + 3*t = -57, -t + 15 = -4*u + 62. List the prime factors of u.
2, 3
Let t(l) = -l. Let i be t(0). Let y = 1 + i. Suppose 4*f - y = 47. List the prime factors of f.
2, 3
Suppose 2*v = -3*v. Suppose -3*h - q = -32, -q + v - 4 = -h. List the prime factors of h.
3
Let v = -21 + 3. Let h = v - -29. Let q = 9 + h. List the prime factors of q.
2, 5
Let l(q) = 2*q**2 + 12*q - 18. What are the prime factors of l(-10)?
2, 31
Let b be ((-6)/(-2))/(1 + -2). Let w be 1*(b - -2)*17. Let p = w + 26. List the prime factors of p.
3
Let h = -58 + 86. What are the prime factors of h?
2, 7
Let u(y) = -2*y - 6. Suppose 2*t - l + 13 = 0, 6*t + 14 = 2*t - 2*l. List the prime factors of u(t).
2
Let w(f) = f**2 + 4*f - 8. Let a be w(-6). Suppose 4 = a*x - 16. Suppose -x*v + 3*k = -59, -28 = -2*v + k - 2*k. List the prime factors of v.
13
Let c = 54 + -34. Suppose -l = 3*l - c. What are the prime factors of l?
5
Let h = 9 - 5. Suppose -3*f - h*u = -29, f + 3*u + 1 = 4. What are the prime factors of f*-1*3/(-9)?
5
Suppose -3*x + 7*x = 20. Let l(q) = q**3 - 5*q**2 + q - 2. List the prime factors of l(x).
3
Suppose 3*y - 9 - 3 = 0. Let l = y + -5. Let d = 7 - l. What are the prime factors of d?
2
Suppose 0 = 3*s + 2*s. Suppose 2*c - 5*x - 3 = s, 39 = 3*c + 3*x + x. What are the prime factors of c?
3
What are the prime factors of 36/180 - (-89)/10*2?
2, 3
Let m be (-10 - -5) + (-1 - -3). List the prime factors of m + 1 - 78/(-3).
2, 3
Suppose 11*i + 37 = 12*i. List the prime factors of i.
37
What are the prime factors of 12/(-8)*(-5)/3*28?
2, 5, 7
Let w be (3 + -2 - 5)*-1. List the prime factors of (10/w)/((-2)/(-20)).
5
Let p = 73 - 33. What are the prime factors of p?
2, 5
Let x(b) = -b**3 + 6*b**2 + 2*b - 6. List the prime factors of x(4).
2, 17
Suppose 0 = -2*c - 3*o + 3 - 32, 3*o + 16 = -c. Let v = -21 + 15. Let b = v - c. List the prime factors of b.
7
Let u(g) = -g**3 - g**2 + 16. Let a = -6 + 6. What are the prime factors of u(a)?
2
Let q(x) = -5. Let j(s) = -1. Let m(u) = -4*j(u) + q(u). Let r(a) = 3*a - 1. Let h(k) = 2*m(k) - r(k). List the prime factors of h(-2).
5
Let a(v) = -v**2 + 6*v - 1. Let c be a(7). List the prime factors of (-18)/(-2) + 8 + c.
3
Let p = -15 - -74. What are the prime factors of p?
59
Suppose 2*v + 0*v = 12. Let r = 6 + v. What are the prime factors of r?
2, 3
Let a be ((-2 + -18)/(-1))/(-1). Let h = -12 - a. List the prime factors of h.
2
Let y(u) = u**2 + 8*u - 6. Let x = 10 - 20. List the prime factors of y(x).
2, 7
Let p(a) = 45*a**3 + 5*a**3 + 2 - 2*a - a. List the prime factors of p(1).
7
Let b = -3 - 0. What are the prime factors of b + 5 + (-1 - -1)?
2
Let j be (-1 + 0 + 5)/(-1). Let z(i) = -3*i. What are the prime factors of z(j)?
2, 3
Suppose -142 = -4*n - z, 0 = 5*n - 0*z + 3*z - 174. List the prime factors of n.
2, 3
Suppose -345 = 4*t - 9*t. What are the prime factors of t?
3, 23
Suppose -3*f - 3 - 6 = 0, q + 8 = -4*f. Suppose 6 = 3*x, -a = 3*x + q - 15. List the prime factors of a.
5
Let i(j) = -j**3 - 3*j**2 - 3*j - 4. Let o be i(-3). Suppose o*y - 1 = 9. Suppose -y*d + 1 + 27 = -3*s, 3*s = 3*d - 45. What are the prime factors of d?
17
Let v be (-46)/3 - (-4)/(-6). Let i = -6 - v. List the prime factors of i.
2, 5
Suppose f = 5*t - 837, -3*t + 58 + 447 = -2*f. What are the prime factors of t?
167
Suppose 0 = 4*a - 16, -5*q - 2*a - 2*a + 31 = 0. Suppose h - q - 8 = 0. List the prime factors of h.
11
Let y(c) = c - 4. Let z(a) = a - 3. Let l(m) = 3*y(m) - 4*z(m). Let o be l(-2). What are the prime factors of (13/o)/((-5)/(-10))?
13
Let v(h) = 284*h**2 - 4*h - 4. Let w be v(-2). What are the prime factors of w/27 - (-12)/(-54)?
2, 3, 7
List the prime factors of (-1210)/(-15)*6/4*1.
11
Let u(m) = -m**2 - 8*m - 4. What are the prime factors of u(-7)?
3
Let t be (12 + 2)*1/2. Let y = 27 - t. List the prime factors of y.
2, 5
Let a be (-6)/27*6*-3. What are the prime factors of ((-56)/(-10))/(a/10)?
2, 7
Let z(x) = -28*x + 12. What are the prime factors of z(-7)?
2, 13
Suppose v + 18 = 4*v. List the prime factors of v.
2, 3
Suppose 5*h + 7 = -g - 17, -5*h = 2*g + 23. Suppose -g = q - 11. What are the prime factors of q?
2, 5
Let u(o) = o**2 - 5*o. Let h(j) = -j**2 + 6*j. Let p be (-20)/(-12)*(4 + -1). Let q(k) = p*u(k) + 4*h(k). List the prime factors of q(4).
2, 3
Let y = -10 + -4. Let t(j) = j**3 + 13*j**2 - 17*j - 20. List the prime factors of t(y).
2, 11
Suppose -3*u = -d + 6, -1 - 3 = u. Let n(v) = v**3 + 5*v**2 - 7*v + 2. Let o be n(-6). Let j = d + o. What are the prime factors of j?
2
Suppose 3*z = -d + 2*z + 13, -4*z + 67 = 5*d. Suppose l - 5*y - 14 = d, -123 = -5*l + 3*y. List the prime factors of l.
2, 3
Suppose 0 = 13*m - 8*m. Suppose -2*d + m = -l + 42, d = -5*l + 254. What are the prime factors of l?
2, 5
Let f(o) = o**2 - o. Let s be f(-1). Suppose -5 = -s*k - j, -3*j + j - 5 = k. List the prime factors of k.
5
Suppose -k = -0*k - 3, 16 = -4*x + 4*k. Let q = -3 - x. What are the prime factors of 11/q*(-32)/8?
2, 11
Let s(b) = 6*b - 3. Let g be s(2). Suppose -3*x + 24 = -g. List the prime factors of x.
11
Let j be (-2 + 0)/(12/(-12)). Suppose -j*s = -43 + 3. List the prime factors of s.
2, 5
Let c = 603 - 193. What are the prime factors of c?
2, 5, 41
Let q = -120 - -285. List the prime factors of q.
3, 5, 11
Let j = 586 - 376. Suppose -2*r = y - 42, 5*y = -2*r - 0*r + j. List the prime factors of y.
2, 3, 7
Suppose -2*f + 176 + 72 = 0. List the prime factors of f.
2, 31
Suppose 4*j + 0*j = -32. Let c = 10 + j. List the prime factors of c.
2
Suppose -4*w = -3*w - 46. Let t = w - 27. List the prime factors of t.
19
Let y be (16/10)/(4/10). Suppose -3*o + 5*t + 28 = y, 0 = -4*o - 5*t - 3. List the prime factors of (-2)/o + 26/3.
2
Let v(m) = m**2 - 9*m - 10. Let l be v(9). List the prime factors of (-258)/(-10) - 2/l.
2, 13
Let v(p) = 2*p**3 - 8*p + 6. What are the prime factors of v(5)?
2, 3
Suppose 4*a + 4*q = 8, 2*a - q = q - 4. Suppose 5*t = -a + 5. Let y(m) = 10*m**3 - 1. List the prime factors of y(t).
3
Suppose -s + 2*u - 4 = 0, -5*s - u = -2*u + 20. Let l = 19 + s. What are the prime factors of l?
3, 5
Suppose -2*b = n, -2*n = -b + n. Suppose -38 = -2*m - b*m. List the prime factors of m.
19
Let a(j) = -6*j + 21. List the prime factors of a(-7).
3, 7
Let y = -5 + 4. Let h(z) = 10*z**2 - z. What are the prime factors of h(y)?
11
Suppose -o = 4*o - 70. List the prime factors of o.
2, 7
Suppose -5*j = -5*m + 230, 0 = -5*m 